vide 923115606?
True
Is 5 a factor of 50782706?
False
Is 7714910 a multiple of 88?
False
Does 2704 divide 112618896?
True
Is 250 a factor of 1244249813?
False
Is 38778212 a multiple of 63?
False
Does 3294 divide 23049033?
False
Does 12 divide 49792604?
False
Is 4419 a factor of 427432194?
True
Is 590353816 a multiple of 13?
True
Is 2005816846 a multiple of 11?
True
Does 2593 divide 15856195?
True
Is 95791850 a multiple of 770?
True
Is 19216888 a multiple of 33?
False
Is 499255653 a multiple of 18?
False
Is 20 a factor of 41740640?
True
Is 38504264 a multiple of 1384?
True
Is 1265944929 a multiple of 633?
True
Is 51073755 a multiple of 1167?
True
Is 18 a factor of 403112515?
False
Does 68 divide 768797625?
False
Is 4754 a factor of 54544616?
False
Does 3539 divide 2021618360?
True
Is 544718574 a multiple of 3619?
False
Is 717 a factor of 93834507?
True
Is 72 a factor of 73799640?
True
Is 47284318 a multiple of 157?
True
Is 170 a factor of 36370080?
False
Is 1086568770 a multiple of 7055?
True
Is 466 a factor of 2806928385?
False
Is 19 a factor of 545182947?
False
Does 12 divide 195718088?
False
Does 74 divide 3545175218?
False
Is 149 a factor of 30985946?
False
Does 4 divide 6662487?
False
Is 13680601 a multiple of 490?
False
Does 11 divide 184131981?
True
Does 25 divide 485452800?
True
Does 246 divide 1650757662?
True
Does 819 divide 441122491?
False
Is 29 a factor of 54960218?
False
Does 233 divide 10460737?
False
Is 38903914 a multiple of 26?
False
Is 2270 a factor of 110367777?
False
Does 760 divide 11522406?
False
Is 56 a factor of 293518512?
True
Does 35 divide 41240990?
True
Is 105413396 a multiple of 2881?
False
Is 1428 a factor of 48647110?
False
Is 30 a factor of 1296926820?
True
Is 1187685648 a multiple of 9567?
True
Is 153366619 a multiple of 6?
False
Does 262 divide 29668880?
True
Does 1350 divide 415302177?
False
Is 102 a factor of 1701870?
True
Is 4 a factor of 55679233?
False
Is 21 a factor of 109672547?
False
Is 1643650365 a multiple of 7944?
False
Is 269371873 a multiple of 1456?
False
Is 9839845 a multiple of 16?
False
Does 18 divide 251270244?
True
Is 190557790 a multiple of 530?
True
Does 1751 divide 98632331?
False
Is 134458814 a multiple of 119?
True
Is 1064 a factor of 24243240?
True
Is 13 a factor of 22631441?
False
Does 12 divide 281345952?
True
Is 81 a factor of 32782964?
False
Does 55 divide 3124334?
False
Does 43 divide 29098238?
False
Is 36 a factor of 1374166260?
True
Is 63 a factor of 35583760?
False
Is 620267451 a multiple of 111?
False
Is 96228648 a multiple of 54?
True
Is 15 a factor of 473293305?
True
Does 267 divide 629182563?
True
Does 748 divide 227224448?
True
Is 500481747 a multiple of 2543?
False
Is 17 a factor of 903132319?
False
Is 70 a factor of 1387767?
False
Is 36814426 a multiple of 22?
True
Is 9 a factor of 408203613?
True
Is 27 a factor of 53785350?
True
Is 139972941 a multiple of 323?
False
Does 59 divide 17387653?
False
Is 3063225 a multiple of 2886?
False
Does 54 divide 53415018?
True
Is 297527499 a multiple of 179?
False
Is 1623617630 a multiple of 1783?
True
Does 219 divide 45130506?
False
Does 291 divide 106352352?
True
Is 921 a factor of 13164980?
False
Does 2477 divide 271957261?
True
Is 284499160 a multiple of 173?
False
Is 20 a factor of 243158098?
False
Is 25586294 a multiple of 67?
False
Is 21 a factor of 5502566?
False
Is 26114187 a multiple of 1551?
True
Is 12 a factor of 6101175?
False
Is 45 a factor of 21650400?
True
Is 5906 a factor of 252570090?
True
Is 288 a factor of 273024407?
False
Is 410412640 a multiple of 4114?
True
Is 9450025 a multiple of 13?
True
Is 308819537 a multiple of 3159?
False
Is 18 a factor of 5543051541?
False
Is 37 a factor of 1336443182?
True
Is 1016 a factor of 88493600?
True
Is 3241963831 a multiple of 311?
True
Is 16 a factor of 36677686?
False
Does 124 divide 66172950?
False
Is 266 a factor of 29000203?
False
Is 492 a factor of 26992671?
False
Is 1585374 a multiple of 680?
False
Is 196010256 a multiple of 13?
True
Does 2681 divide 74085744?
False
Is 10 a factor of 135899844?
False
Is 63 a factor of 1823686830?
True
Does 184 divide 3302589333?
False
Is 5250493314 a multiple of 99?
True
Is 124742530 a multiple of 242?
True
Is 4306 a factor of 101574721?
False
Is 770170019 a multiple of 390?
False
Does 8 divide 104157792?
True
Is 468 a factor of 102615084?
True
Does 20 divide 2297389859?
False
Is 2982159785 a multiple of 19?
False
Does 3 divide 59744771?
False
Is 305492589 a multiple of 3555?
False
Is 2 a factor of 83452556?
True
Does 50 divide 1691343650?
True
Does 435 divide 50269166?
False
Is 3384 a factor of 121999858?
False
Does 118 divide 37479545?
False
Is 1063 a factor of 48190042?
True
Is 25 a factor of 185467350?
True
Is 70902795 a multiple of 116?
False
Is 83543420 a multiple of 1670?
True
Is 50354172 a multiple of 44?
True
Is 1865 a factor of 60999098?
False
Is 2211357651 a multiple of 125?
False
Is 31197411 a multiple of 1167?
True
Is 2886 a factor of 672469108?
False
Is 2307399183 a multiple of 10?
False
Is 47 a factor of 32164562?
False
Is 376217942 a multiple of 6?
False
Is 67068838 a multiple of 3?
False
Is 1136563306 a multiple of 47?
True
Is 344557180 a multiple of 3806?
True
Is 66 a factor of 146459188?
False
Does 910 divide 382278260?
True
Is 459 a factor of 334813976?
False
Is 28925069 a multiple of 47?
True
Is 262 a factor of 20894924?
False
Does 38 divide 974828744?
True
Is 39 a factor of 21069580?
False
Is 312237180 a multiple of 405?
True
Is 6166293 a multiple of 21?
True
Does 727 divide 138311902?
False
Is 2597613655 a multiple of 3225?
False
Is 1387440126 a multiple of 79?
False
Is 23364038 a multiple of 1650?
False
Does 41 divide 278261669?
False
Is 3 a factor of 124562018?
False
Does 1589 divide 155674330?
True
Is 13 a factor of 4661266?
False
Is 959 a factor of 984587725?
False
Does 11866 divide 920744156?
False
Is 24883482 a multiple of 631?
False
Is 25193106 a multiple of 884?
False
Is 64 a factor of 319479360?
True
Is 491426389 a multiple of 2311?
False
Is 10443812 a multiple of 147?
False
Is 1762904 a multiple of 184?
True
Is 6803162 a multiple of 793?
False
Does 9 divide 1171917?
True
Is 4354209850 a multiple of 107?
True
Is 55 a factor of 1100216865?
True
Is 534 a factor of 114805222?
False
Does 32 divide 328713920?
True
Does 17 divide 14450727?
False
Is 2227034864 a multiple of 16?
True
Is 90 a factor of 35965170?
True
Is 3 a factor of 4779507?
True
Does 21 divide 244765327?
False
Does 718 divide 242392492?
True
Is 79491398 a multiple of 2477?
False
Does 56 divide 11510296?
True
Is 329468359 a multiple of 213?
False
Is 1472 a factor of 160804224?
True
Does 10 divide 93114760?
True
Is 32280040 a multiple of 299?
True
Is 4759104 a multiple of 28?
True
Is 3 a factor of 48509777?
False
Is 3461036297 a multiple of 13751?
False
Is 364408165 a multiple of 2913?
False
Does 9 divide 98099550?
True
Does 127 divide 1310849996?
False
Is 40553891 a multiple of 298?
False
Does 15 divide 4707598239?
False
Does 13 divide 56586311?
False
Is 6865488 a multiple of 21?
True
Does 1875 divide 78652500?
True
Does 31 divide 1345560425?
True
Is 13 a factor of 8619104?
True
Does 62 divide 172841802?
True
Is 78169036 a multiple of 44?
True
Does 90 divide 100274130?
True
Does 5 divide 220272895?
True
Is 557200840 a multiple of 2261?
True
Is 2134 a factor of 196818820?
True
Is 332532000 a multiple of 1500?
True
Is 480 a factor of 76964289?
False
Does 1600 divide 627200?
True
Is 15 a factor of 107990146?
False
Is 49 a factor of 112606851?
True
Is 5483 a factor of 63186092?
True
Does 55 divide 1174634945?
True
Is 75331251 a multiple of 31?
False
Does 55 divide 222738560?
True
Is 46 a factor of 358305224?
True
Does 34 divide 310300243?
False
Is 474 a factor of 49364256?
True
Is 523 a factor of 1379946017?
False
Is 1100968262 a multiple of 221?
False
Is 9711110 a multiple of 4?
False
Is 1526 a factor of 3038545092?
False
Is 80020886 a multiple of 22?
True
Is 28 a factor of 10923472?
True
Is 2428 a factor of 78521520?
True
Does 95 divide 20761585?
True
Does 44 divide 69638078?
False
Is 220169876 a multiple of 1105?
False
Is 143 a factor of 116119861?
True
Does 78 divide 99503239?
False
Is 7 a factor of 4863509?
True
Is 399 a factor of 32348937?
F